023?
0
What is the hundreds digit of 79150?
1
What is the tens digit of 619053?
5
What is the hundred thousands digit of 368187?
3
What is the millions digit of 3880110?
3
What is the hundred thousands digit of 1221887?
2
What is the hundreds digit of 12523332?
3
What is the ten thousands digit of 391212?
9
What is the tens digit of 79844?
4
What is the ten thousands digit of 34788755?
8
What is the tens digit of 72782?
8
What is the hundreds digit of 2888746?
7
What is the units digit of 5052078?
8
What is the thousands digit of 11322653?
2
What is the units digit of 2979462?
2
What is the tens digit of 414861?
6
What is the ten thousands digit of 6694115?
9
What is the ten thousands digit of 483844?
8
What is the units digit of 115164?
4
What is the ten thousands digit of 7441732?
4
What is the thousands digit of 25395?
5
What is the hundreds digit of 4463507?
5
What is the thousands digit of 17321520?
1
What is the millions digit of 4432189?
4
What is the ten millions digit of 11437990?
1
What is the ten millions digit of 15994031?
1
What is the hundreds digit of 754286?
2
What is the hundreds digit of 204215?
2
What is the ten thousands digit of 447207?
4
What is the millions digit of 2383724?
2
What is the hundred thousands digit of 486994?
4
What is the ten thousands digit of 188027?
8
What is the units digit of 340741?
1
What is the tens digit of 9481043?
4
What is the hundreds digit of 907572?
5
What is the thousands digit of 1223937?
3
What is the hundred thousands digit of 192627?
1
What is the thousands digit of 224327?
4
What is the ten thousands digit of 317599?
1
What is the tens digit of 181411?
1
What is the ten thousands digit of 21940516?
4
What is the tens digit of 590419?
1
What is the units digit of 24863?
3
What is the thousands digit of 7783941?
3
What is the ten thousands digit of 164579?
6
What is the hundred thousands digit of 257471?
2
What is the tens digit of 79117?
1
What is the millions digit of 5760734?
5
What is the thousands digit of 9807261?
7
What is the ten thousands digit of 44141?
4
What is the units digit of 889761?
1
What is the hundreds digit of 1298500?
5
What is the tens digit of 13454120?
2
What is the ten thousands digit of 840915?
4
What is the ten thousands digit of 317564?
1
What is the units digit of 173406?
6
What is the thousands digit of 20227921?
7
What is the ten thousands digit of 170478?
7
What is the units digit of 811455?
5
What is the hundreds digit of 455534?
5
What is the hundreds digit of 5032539?
5
What is the tens digit of 275382?
8
What is the ten thousands digit of 2663374?
6
What is the ten thousands digit of 207353?
0
What is the units digit of 1034415?
5
What is the thousands digit of 968058?
8
What is the units digit of 3753188?
8
What is the hundred thousands digit of 13084102?
0
What is the ten thousands digit of 139467?
3
What is the thousands digit of 1109077?
9
What is the ten thousands digit of 26250?
2
What is the tens digit of 9376820?
2
What is the ten thousands digit of 17581353?
8
What is the tens digit of 782379?
7
What is the tens digit of 630789?
8
What is the millions digit of 6826013?
6
What is the millions digit of 2150611?
2
What is the ten thousands digit of 59873?
5
What is the tens digit of 4263333?
3
What is the ten thousands digit of 24181257?
8
What is the millions digit of 6418205?
6
What is the thousands digit of 12704263?
4
What is the units digit of 4639367?
7
What is the tens digit of 696254?
5
What is the millions digit of 3862191?
3
What is the units digit of 5604761?
1
What is the thousands digit of 4116204?
6
What is the tens digit of 6373357?
5
What is the hundreds digit of 310251?
2
What is the ten thousands digit of 1088181?
8
What is the hundred thousands digit of 533593?
5
What is the hundred thousands digit of 8380716?
3
What is the thousands digit of 526454?
6
What is the thousands digit of 18645017?
5
What is the millions digit of 12231620?
2
What is the hundred thousands digit of 171706?
1
What is the ten thousands digit of 88134?
8
What is the thousands digit of 1153250?
3
What is the hundreds digit of 139988?
9
What is the tens digit of 2523831?
3
What is the ten thousands digit of 2416681?
1
What is the tens digit of 4751?
5
What is the ten thousands digit of 282817?
8
What is the millions digit of 16441764?
6
What is the ten thousands digit of 2475739?
7
What is the hundred thousands digit of 1299553?
2
What is the thousands digit of 125817?
5
What is the ten thousands digit of 2184376?
8
What is the hundred thousands digit of 1695164?
6
What is the thousands digit of 816151?
6
What is the units digit of 464132?
2
What is the hundreds digit of 441963?
9
What is the units digit of 97420?
0
What is the ten thousands digit of 38960?
3
What is the hundreds digit of 641303?
3
What is the thousands digit of 4813766?
3
What is the hundreds digit of 202072?
0
What is the units digit of 2140021?
1
What is the hundreds digit of 101015?
0
What is the tens digit of 1904078?
7
What is the tens digit of 78171?
7
What is the units digit of 506764?
4
What is the tens digit of 98325?
2
What is the hundreds digit of 857813?
8
What is the millions digit of 1269909?
1
What is the thousands digit of 9658341?
8
What is the hundreds digit of 311495?
4
What is the thousands digit of 4612192?
2
What is the hundreds digit of 26280?
2
What is the tens digit of 19574765?
6
What is the units digit of 4136233?
3
What is the units digit of 556120?
0
What is the hundreds digit of 6521?
5
What is the hundreds digit of 99294?
2
What is the tens digit of 216203?
0
What is the hundred thousands digit of 10560705?
5
What is the ten thousands digit of 18336553?
3
What is the ten thousands digit of 479974?
7
What is the ten thousands digit of 2330797?
3
What is the ten millions digit of 10898824?
1
What is the hundred thousands digit of 617655?
6
What is the thousands digit of 8662?
8
What is the hundreds digit of 737136?
1
What is the hundreds digit of 804394?
3
What is the units digit of 13392979?
9
What is the hundreds digit of 1825238?
2
What is the tens digit of 485526?
2
What is the tens digit of 208820?
2
What is the hundred thousands digit of 319266?
3
What is the hundred thousands digit of 837079?
8
What is the thousands digit of 1152381?
2
What is the units digit of 1725315?
5
What is the thousands digit of 4463452?
3
What is the ten thousands digit of 1665344?
6
What is the ten thousands digit of 99472?
9
What is the hundred thousands digit of 20382572?
3
What is the units digit of 957598?
8
What is the hundreds digit of 226640?
6
What is the ten thousands digit of 855867?
5
What is the hundreds digit of 16866516?
5
What is the thousands digit of 1448624?
8
What is the hundreds digit of 255285?
2
What is the thousands digit of 26288934?
8
What is the ten thousands digit of 304739?
0
What is the thousands digit of 11246979?
6
What is the units digit of 28321753?
3
What is the hundred thousands digit of 2604118?
6
What is the ten thousands digit of 607808?
0
What is the ten thousands digit of 839627?
3
What is the hundred thousands digit of 968206?
9
What is the hundreds digit of 96399?
3
What is the hundred thousands digit of 8087999?
0
What is the thousands digit of 1746222?
6
What is the hundreds digit of 1491072?
0
What is the thousands digit of 144378?
4
What is the tens digit of 2571437?
3
What is the hundred thousands digit of 3266640?
2
What is the ten thousands digit of 698412?
9
What is the hundreds digit of 1552021?
0
What is the hundreds digit of 4044374?
3
What is the thousands digit of 15643315?
3
What is the hundreds digit of 9034654?
6
What is the tens digit of 273075?
7
What is the millions digit of 7136528?
7
What is the thousands digit of 644685?
4
What is the units digit of 1440901?
1
What is the millions digit of 1148340?
1
What is the hundreds digit of 7137535?
5
What is the units digit of 217915?
5
What is the units digit of 2904635?
5
What is the units digit of 392681?
1
What is the units digit of 1083977?
7
What is the thousands digit of 7269664?
9
What is the thousands digit of 1073092?
3
What is the units digit of 2537464?
4
What is the hundred thousands digit of 4618703?
6
What is the ten millions digit of 18702386?
1
What is